 of 123?
True
Is 2625248 a multiple of 32?
True
Is 6 a factor of 325842096?
True
Is 187967122 a multiple of 116?
False
Does 22 divide 494057718?
True
Does 47 divide 17442222?
False
Is 11 a factor of 706227049?
True
Is 58493578 a multiple of 286?
True
Does 1262 divide 1398633371?
False
Is 2089843 a multiple of 27?
False
Does 49 divide 372663210?
False
Does 56 divide 2078440?
True
Is 49 a factor of 2153112?
False
Does 930 divide 1387285704?
False
Is 1899 a factor of 108596746?
False
Does 2245 divide 257952745?
True
Is 66 a factor of 1960051964?
False
Is 2092665068 a multiple of 596?
True
Is 620971680 a multiple of 1988?
True
Does 6 divide 80660268?
True
Is 61 a factor of 2165704975?
False
Is 938 a factor of 52795937?
False
Does 116 divide 47974232?
False
Is 11 a factor of 1480947780?
False
Does 610 divide 4126634750?
True
Is 22593592 a multiple of 1252?
True
Does 5371 divide 2301501804?
False
Does 276 divide 90410424?
True
Is 33 a factor of 4890666?
True
Is 19 a factor of 60680794?
True
Is 5248123 a multiple of 1631?
False
Is 12493748 a multiple of 428?
True
Is 34389698 a multiple of 2081?
False
Is 7693240 a multiple of 8?
True
Is 14109614 a multiple of 218?
True
Is 7160886 a multiple of 18?
True
Is 130 a factor of 7849708?
False
Does 7069 divide 666510529?
False
Is 165 a factor of 442442020?
False
Does 124 divide 364914967?
False
Does 322 divide 834110214?
False
Is 7 a factor of 10711488?
False
Is 335 a factor of 213699763?
False
Is 687189417 a multiple of 431?
True
Is 2 a factor of 70720727?
False
Does 51 divide 48839252?
False
Is 75 a factor of 152587550?
False
Is 1536609110 a multiple of 7?
False
Does 17 divide 193182662?
True
Is 491389651 a multiple of 71?
True
Does 168 divide 61717992?
True
Is 583756495 a multiple of 1145?
True
Does 197 divide 36283954?
False
Is 50 a factor of 36198398?
False
Does 81 divide 45417105?
True
Does 30 divide 242853150?
True
Is 736100554 a multiple of 20?
False
Is 4 a factor of 17486171?
False
Does 1931 divide 612248345?
False
Does 418 divide 348250848?
True
Does 2 divide 77273371?
False
Is 29 a factor of 69052828?
True
Does 17 divide 5189103?
False
Is 56950671 a multiple of 19?
False
Is 146360364 a multiple of 6?
True
Does 88 divide 1509142307?
False
Does 7659 divide 1480333294?
False
Is 1006880680 a multiple of 8?
True
Is 12 a factor of 142135884?
True
Is 2281 a factor of 13473867?
True
Is 6466351 a multiple of 657?
False
Is 505 a factor of 1264170035?
True
Is 22 a factor of 2838936647?
False
Is 45515430 a multiple of 45?
True
Does 1927 divide 32768635?
True
Does 18 divide 13231926?
True
Is 27 a factor of 3469819?
False
Is 4873968 a multiple of 408?
True
Does 524 divide 579389389?
False
Is 176 a factor of 39128672?
True
Does 31 divide 74219239?
True
Is 579961325 a multiple of 16?
False
Is 64 a factor of 175787264?
True
Is 27 a factor of 791364063?
False
Does 39 divide 2341580174?
False
Is 576254380 a multiple of 1003?
False
Does 33 divide 36151?
False
Does 232 divide 428805832?
True
Is 1473225203 a multiple of 494?
False
Does 8 divide 64080126?
False
Is 43184997 a multiple of 2?
False
Is 286 a factor of 18604062?
False
Is 208 a factor of 27317056?
True
Is 58 a factor of 658944902?
True
Is 69 a factor of 4110688041?
True
Is 1857529411 a multiple of 154?
False
Is 326 a factor of 2630795224?
True
Is 3 a factor of 23643687?
True
Is 1508 a factor of 70114460?
True
Is 18414816 a multiple of 28?
True
Is 67 a factor of 116889674?
True
Is 1274786144 a multiple of 3662?
True
Is 45761730 a multiple of 836?
False
Does 273 divide 442393848?
False
Is 160771527 a multiple of 9?
True
Is 308561172 a multiple of 71?
True
Is 47105674 a multiple of 1309?
True
Does 4 divide 40335366?
False
Is 2087 a factor of 1073657150?
True
Is 18796660 a multiple of 194?
True
Does 30 divide 29225529?
False
Is 2301345514 a multiple of 3509?
False
Does 29 divide 153280834?
True
Is 22704276 a multiple of 62?
True
Does 2 divide 4764313?
False
Is 422 a factor of 129558642?
True
Is 66587120 a multiple of 3001?
False
Is 18 a factor of 1490380568?
False
Does 113 divide 1375710?
False
Does 2 divide 36229052?
True
Is 735 a factor of 70666215?
False
Is 293049963 a multiple of 9?
True
Is 7090478799 a multiple of 153?
False
Does 14 divide 2985038378?
True
Is 43 a factor of 74518398?
True
Does 17 divide 294316138?
True
Is 125 a factor of 57123791?
False
Is 22 a factor of 1033928918?
True
Does 1922 divide 370586586?
True
Does 101 divide 1678314719?
False
Is 2614 a factor of 196379364?
True
Is 5 a factor of 1303596990?
True
Does 420 divide 649040855?
False
Is 12 a factor of 777340986?
False
Is 11873888 a multiple of 598?
True
Is 377033808 a multiple of 326?
False
Is 162437264 a multiple of 44?
True
Is 68 a factor of 525318224?
True
Is 120904500 a multiple of 12?
True
Is 2582954528 a multiple of 281?
False
Is 185169071 a multiple of 11?
False
Is 3075095320 a multiple of 1847?
False
Is 1283 a factor of 1202448128?
True
Is 5670940 a multiple of 742?
False
Is 53284848 a multiple of 258?
False
Is 33662725 a multiple of 8?
False
Is 22606596 a multiple of 307?
False
Is 5844413 a multiple of 27?
False
Is 58 a factor of 24287543?
False
Is 898 a factor of 87967182?
True
Is 25921135 a multiple of 336?
False
Does 53 divide 569054057?
True
Does 601 divide 83596095?
True
Is 395 a factor of 19476941?
False
Is 231 a factor of 234240699?
True
Is 672 a factor of 1370246196?
False
Is 13 a factor of 349689652?
True
Does 2275 divide 76308050?
True
Is 32155288 a multiple of 1309?
False
Is 46 a factor of 817383744?
False
Does 837 divide 474678928?
False
Is 796 a factor of 120294704?
True
Is 10 a factor of 1391847017?
False
Is 1177310404 a multiple of 622?
True
Is 7 a factor of 627818226?
True
Is 162 a factor of 233575926?
False
Is 6653972 a multiple of 533?
True
Does 2726 divide 47653206?
True
Is 3379122880 a multiple of 80?
True
Is 65233020 a multiple of 30?
True
Is 33 a factor of 868636696?
False
Is 30 a factor of 10021735?
False
Is 44644080 a multiple of 40?
True
Is 6526 a factor of 144661842?
True
Does 129 divide 3532651951?
False
Does 584 divide 217980920?
True
Does 26 divide 5231654?
False
Is 169148378 a multiple of 1123?
False
Does 411 divide 1051665567?
True
Is 156 a factor of 11700780?
True
Is 36989232 a multiple of 485?
False
Is 130392708 a multiple of 2932?
False
Is 448977053 a multiple of 343?
True
Is 258202600 a multiple of 200?
True
Is 9 a factor of 1108138554?
True
Does 27 divide 253120854?
False
Is 8 a factor of 565932?
False
Does 15 divide 46144041?
False
Is 1694 a factor of 1653930124?
True
Does 92 divide 10566358?
False
Is 15 a factor of 672180545?
False
Is 621 a factor of 1680426?
True
Is 927750823 a multiple of 8101?
True
Does 570 divide 3129634020?
True
Is 1704 a factor of 29494536?
True
Does 85 divide 96421025?
True
Is 212 a factor of 2215210260?
True
Does 2 divide 162999164?
True
Does 639 divide 128540899?
False
Is 362 a factor of 92905825?
False
Is 537 a factor of 178941031?
False
Is 193 a factor of 114925739?
False
Does 891 divide 20831580?
True
Is 115899630 a multiple of 770?
True
Is 1986 a factor of 1248705?
False
Is 1154636868 a multiple of 154?
True
Is 65 a factor of 3831572?
False
Is 62264779 a multiple of 2471?
False
Is 68 a factor of 67473748?
True
Does 7 divide 16505385?
False
Is 55637326 a multiple of 2856?
False
Is 3468 a factor of 29575104?
True
Is 6675588 a multiple of 5?
False
Does 2663 divide 352490658?
True
Is 28796789 a multiple of 9?
False
Is 58509464 a multiple of 159?
False
Does 5 divide 2067261?
False
Is 807 a factor of 202673000?
False
Is 1014 a factor of 203024164?
False
Is 106569617 a multiple of 187?
True
Is 16009732 a multiple of 2?
True
Is 15178280 a multiple of 65?
True
Is 2562759120 a multiple of 740?
True
Is 13122382 a multiple of 182?
True
Is 776824617 a multiple of 90?
False
Does 238 divide 432337168?
False
Is 85 a factor of 124925767?
False
Is 29523963 a multiple of 286?
False
Is 28881942 even?
True
Does 12 divide 2526013059?
False
Does 258 divide 7626222?
True
Is 2908 a factor of 228719713?
False
Is 182 a factor of 265128730?
False
Is 17163144 a multiple of 2633?
False
Does 24 divide 2429150376?
True
Does 201 divide 4717671?
True
Is 115789478 a multiple of 390?
False
Is 586 a factor of 572774018?
False
Does 2385 divide 4